factors of (-1 - 3)*2/u.
2
List the prime factors of 4/(-6) + 256*3/18.
2, 3, 7
Let h(p) = p**2 - 7*p - 15. List the prime factors of h(11).
29
Suppose -3*a - 16 + 82 = 0. Suppose -5*i - a = -j, 5 = -3*i + 8*i. Suppose 3*m + 6 = j. What are the prime factors of m?
7
Suppose -3*c = -3*k - 15, 0 = 4*k + c + c + 8. Let j = k + 3. What are the prime factors of 2*((-15)/(-6) - j)?
5
Let h(l) = l**2. Let z be h(2). List the prime factors of (z + -5)*11/(-1).
11
Let h(z) = 2*z + 39. What are the prime factors of h(18)?
3, 5
Suppose 0 = -c + 40 + 29. List the prime factors of c.
3, 23
Suppose -123 = 5*l - 538. Suppose 0 = 4*c + 5*o - 96, 4*c - l = -c + 3*o. List the prime factors of c.
19
Let k(s) = s**3 + 9*s**2 - 9*s + 6. Let w be k(-10). List the prime factors of 147*w*(-3)/36.
7
Let z be 3 + -1 - 96/(-2). Suppose -j + 4*y - 2*y = -z, -3*j = y - 143. What are the prime factors of j?
2, 3
Suppose -2*k + 5*k = 537. What are the prime factors of k?
179
Let u = 26 - 1. What are the prime factors of u?
5
Suppose b - 2*q - 17 = -3*q, 0 = -4*b + 5*q + 23. What are the prime factors of b?
2, 3
Suppose 0 = 4*f - 3*f - 9. Let n = f - 4. Suppose -3*c - 39 = -n*y, 3*y + c - 8 = 7. List the prime factors of y.
2, 3
Suppose -12 = -4*w + 2*i - 6*i, w = 4*i + 18. Let p(f) = 4*f - 7. What are the prime factors of p(w)?
17
Let q(h) = -3*h - 3. Let t be q(-2). Suppose t*s - 8 = 1. Suppose -6*m - 5*b = -s*m - 17, -29 = -3*m + b. List the prime factors of m.
3
Let t(s) = 5*s + 1. Let y be t(1). Let m(f) = -4*f**2 - 2*f - 8. Let p be m(y). What are the prime factors of 18/(-81) + p/(-9)?
2, 3
Let x = 59 + -42. What are the prime factors of x?
17
Suppose -q - x + 85 = 0, 5*q + x - 425 = 3*x. What are the prime factors of q?
5, 17
Suppose 0 = 2*w - 0 - 2, w - 163 = -3*t. What are the prime factors of t?
2, 3
Let o = 8 + -6. Suppose -s - t = -5*t + 9, -4*s - 5*t + 27 = 0. Suppose -i - 18 = s*c + c, c = -o*i - 1. What are the prime factors of i?
2
Let u = -126 + 197. What are the prime factors of u?
71
List the prime factors of 2*7/((-21)/(-282)).
2, 47
Let h(g) = 127*g + 1. Let l be h(1). Suppose 4*w - u - l = -5*u, 4*w + u = 125. Suppose -8 - w = -3*d + 3*n, 3*d - 43 = 5*n. List the prime factors of d.
11
Let z(q) = -5*q - 8. What are the prime factors of z(-8)?
2
Let u be (-2)/12 - (-52)/24. Suppose 3*i - m + 7 = 4*i, m = -u*i + 12. List the prime factors of i.
5
Suppose -4*n = 3*y - 49, 2*n + n + 4*y = 35. Let l(i) = -i**2 + 17*i - 10. List the prime factors of l(n).
2, 3, 7
Let c be -4 + 2/(-2) + -1. Suppose -11 = 3*r - 4*r. Let y = c + r. What are the prime factors of y?
5
Suppose 98 - 462 = -4*f. What are the prime factors of f?
7, 13
Suppose -3*h + 12 - 1 = -5*y, 3*y + 3*h = 3. Let p(f) = -5*f - 2. Let w be p(-6). List the prime factors of ((-24)/w)/(y/7).
2, 3
Let h(g) = g**3 - 8*g**2 - 2. Let t(f) = 3*f**3 - 25*f**2 - f - 6. Let r(z) = -7*h(z) + 2*t(z). List the prime factors of r(5).
17
Let q be (9/(-3))/((-1)/3). Let a be -1 - q*6/(-9). Suppose u = a + 2. What are the prime factors of u?
7
Suppose -8 = -5*i + 4*b, -5*i - 4*b + 9*b = -5. List the prime factors of (-6)/4 + 106/i.
5
Let j be 614/7 + 2/7. Let n be 3*(j/6 + 0). Suppose -v + n = 3*v. List the prime factors of v.
11
Suppose d - 10 = 5*u - 2, 5*d + 4*u + 47 = 0. Let b(h) = h + 10. What are the prime factors of b(d)?
3
Suppose -5*t - 3*a + 12 = 0, 3*t - 5*a - 12 = 2. List the prime factors of t.
3
Let m(v) = v + 1. Let n(z) = -12*z**3 + 4*z + 4. Let k(f) = 4*m(f) - n(f). Let x = 20 + -19. What are the prime factors of k(x)?
2, 3
Let o(l) = -41*l - 1. Let i be o(-1). Suppose 2*k - 3*k = -i. What are the prime factors of k?
2, 5
Let k(z) = z**2 - 4*z. List the prime factors of k(-8).
2, 3
Suppose -7*q - 1000 = -2*q. List the prime factors of (8/20)/((-5)/q).
2
Let q = -42 - -99. List the prime factors of q.
3, 19
Let m be 1*(2 - 3)*2. What are the prime factors of (10/15)/(m/(-30))?
2, 5
Let n = -104 + 228. List the prime factors of n.
2, 31
Let m be 0*(1 - (-4)/(-6)). Suppose 3*f - 4 = j, m = j - 0 - 2. Suppose f*g + 0*y + 2*y = 18, 0 = g - 4*y - 19. What are the prime factors of g?
11
Suppose 0 = -5*z + 2*z + 108. Suppose l - 68 = -2*u + 2*l, z = u - l. What are the prime factors of u?
2
Suppose u + 216 = 5*i - 57, 2*u = -5*i + 279. What are the prime factors of i?
5, 11
Let f be (-2)/1 - (1 + 0). Let m(r) be the second derivative of -r**3/2 - r**2/2 + r. List the prime factors of m(f).
2
Suppose 0 = 4*w - 3*d - 81, -5*w = 4*d - 39 - 39. Suppose l = -l + 4. Suppose -l*f = f - w. What are the prime factors of f?
2, 3
Let b(o) = -3*o - 3. Let a be b(-3). Let l be (a/(-3) + 43)/1. Let j = -23 + l. List the prime factors of j.
2, 3
List the prime factors of 227/5 - (66/15 - 4).
3, 5
Let b = -5 - -9. Suppose -a - b - 2 = 0. Let t(i) = i**2 + 4*i - 7. List the prime factors of t(a).
5
Suppose 11 = -3*b + 26. Suppose -s = 2*s + a + 5, -b*a - 10 = 0. Let l = s + 3. List the prime factors of l.
2
Let k = -32 + 81. List the prime factors of k.
7
Suppose -g - 2*g = -4*f - 3, -5*g = -25. Suppose 2*a + 15 = f*a. List the prime factors of a.
3, 5
Suppose 0 = 3*f + 3*o - 1 + 7, 5*f = 5*o + 10. Let b = 4 - f. Suppose g - b = 1. What are the prime factors of g?
5
Let n(x) = -3*x + 2. Suppose 2*d - 3*d + 4*f + 5 = 0, -18 = 3*d - f. List the prime factors of n(d).
23
Let q be 1/(3/24*-2). Let j be (2 + -1)/((-2)/q). Suppose 20 - 6 = v + 3*l, 0 = 2*v + j*l - 16. What are the prime factors of v?
5
Let z = 8 + 46. What are the prime factors of z?
2, 3
What are the prime factors of (-1 + 4)/3*(8 + 130)?
2, 3, 23
Let k(y) = -y**2 + 3*y + 2. List the prime factors of k(3).
2
Suppose -2*a = 4*o - 18, a = 3 - 0. Suppose l - 40 = -o*h, -6*h + h + 48 = l. What are the prime factors of l?
2, 7
Let w = 43 + 4. List the prime factors of w.
47
Let s = -8 + 13. List the prime factors of (-286)/(-10) - (-2)/s.
29
Let q = 5 - 4. Let m(t) = -1 + 3 - q + t. List the prime factors of m(5).
2, 3
Let y = 128 + -71. Suppose 0 = -2*b + y - 5. What are the prime factors of b?
2, 13
Suppose 0 = -2*a - 0*a. Suppose k - 2*k + 2 = a. Suppose 27 = -0*z + 3*z + 3*x, -k*x + 27 = 3*z. What are the prime factors of z?
3
Suppose -5*b + 179 = -101. List the prime factors of b.
2, 7
Let s be 0 + 3 + 28 + 2. Let d = s + -20. List the prime factors of d.
13
Suppose 0 = 3*t + y - 218, -3*t = 5*y - 180 - 34. What are the prime factors of t?
73
Let k(z) = 7*z - 13. Let a(t) = t - 1. Let l(b) = -6*a(b) + k(b). Let m be l(-5). Let p = m + 26. What are the prime factors of p?
2, 7
Let o(r) = r + 7. Let z be o(-5). Suppose z*x - 14 = 10. Suppose -10*y = -7*y - x. What are the prime factors of y?
2
Let x = -224 - -464. What are the prime factors of x?
2, 3, 5
Let j = -2 - -2. Suppose 2*o + 4 = j, -2*o + 16 = 3*n + 2*n. Suppose 0 = -0*c + n*c - 48. What are the prime factors of c?
2, 3
Suppose 8*f - 260 = 3*f + 5*m, m - 2 = 0. What are the prime factors of f?
2, 3
What are the prime factors of (-20)/(3 + -1)*284/(-10)?
2, 71
Let d be (1 - 1)/(3 + -2). Suppose d*t + 52 = 2*t. What are the prime factors of t?
2, 13
Let g be ((-1)/2)/((-3)/36). Let a be (5 - 0)/((-2)/g). Let x = a + 25. List the prime factors of x.
2, 5
Let v be 0/((-6)/((-3)/1)). List the prime factors of v + (9 - (3 + -2)).
2
Let q(b) = 5*b + 7*b + 0 - 9 - 4*b - b**2. Let n be q(6). Suppose 18 = 5*o - 3*o - 3*d, 0 = n*o - d - 34. What are the prime factors of o?
2, 3
Let z(k) = -k**3 + 8*k**2 + k - 10. Let i be z(8). Let n be 26 + (4 + 0)/i. Let u = n + -12. List the prime factors of u.
2, 3
Let a(g) = -2*g - 5. Let k be a(-5). Suppose 2*y - 13 = -y - 2*d, 0 = -3*y + k*d - 1. What are the prime factors of y?
3
Suppose -5*l + 583 = 173. Let z be l - ((3 - 6) + 1). Suppose 0*i = 4*i + 4*m - z, 4*m - 66 = -3*i. List the prime factors of i.
2, 3
Let u = 1 + 1. Suppose -2*f = -3*f + u. Suppose -r = -6*r + f*g + 12, 5*g = 20. List the prime factors of r.
2
Let t be (-3)/9*-2*3. Let j(d) = 2*d**t + 5*d**2 - 6*d - 5*d**2. List the prime factors of j(4).
2
Let z(a) = a + 5. Let p be z(-5). Suppose -4*b + 2*b = p. List the prime factors of (13 + b)*(-4)/(-4).
13
Suppose -2*n + 2*r = -2*r - 40, 3*r + 72 = 3*n. Suppose 4*j + 8 = n. What are the prime factors of j?
5
Let b(s) = 2*s - 7. Let y be b(6). Suppose -2